[INFO] cloning repository https://github.com/PurpleMyst/redditbg.rs
[INFO] running `Command { std: "git" "-c" "credential.helper=" "-c" "credential.helper=/workspace/cargo-home/bin/git-credential-null" "clone" "--bare" "https://github.com/PurpleMyst/redditbg.rs" "/workspace/cache/git-repos/https%3A%2F%2Fgithub.com%2FPurpleMyst%2Fredditbg.rs", kill_on_drop: false }`
[INFO] [stderr] Cloning into bare repository '/workspace/cache/git-repos/https%3A%2F%2Fgithub.com%2FPurpleMyst%2Fredditbg.rs'...
[INFO] running `Command { std: "git" "rev-parse" "HEAD", kill_on_drop: false }`
[INFO] [stdout] 2413f21b1a7e1e4649df78c8c49c0ecf0a832d76
[INFO] checking PurpleMyst/redditbg.rs against master#af3c6e733a40e671550e0f0f5aeecaa13772ba56 for pr-74989
[INFO] running `Command { std: "git" "clone" "/workspace/cache/git-repos/https%3A%2F%2Fgithub.com%2FPurpleMyst%2Fredditbg.rs" "/workspace/builds/worker-7/source", kill_on_drop: false }`
[INFO] [stderr] Cloning into '/workspace/builds/worker-7/source'...
[INFO] [stderr] done.
[INFO] validating manifest of git repo https://github.com/PurpleMyst/redditbg.rs on toolchain af3c6e733a40e671550e0f0f5aeecaa13772ba56
[INFO] running `Command { std: "/workspace/cargo-home/bin/cargo" "+af3c6e733a40e671550e0f0f5aeecaa13772ba56" "read-manifest" "--manifest-path" "Cargo.toml", kill_on_drop: false }`
[INFO] started tweaking git repo https://github.com/PurpleMyst/redditbg.rs
[INFO] finished tweaking git repo https://github.com/PurpleMyst/redditbg.rs
[INFO] tweaked toml for git repo https://github.com/PurpleMyst/redditbg.rs written to /workspace/builds/worker-7/source/Cargo.toml
[INFO] crate git repo https://github.com/PurpleMyst/redditbg.rs already has a lockfile, it will not be regenerated
[INFO] running `Command { std: "/workspace/cargo-home/bin/cargo" "+af3c6e733a40e671550e0f0f5aeecaa13772ba56" "fetch" "--locked" "--manifest-path" "Cargo.toml", kill_on_drop: false }`
[INFO] [stderr]     Blocking waiting for file lock on package cache
[INFO] running `Command { std: "docker" "create" "-v" "/var/lib/crater-agent-workspace/builds/worker-7/target:/opt/rustwide/target:rw,Z" "-v" "/var/lib/crater-agent-workspace/builds/worker-7/source:/opt/rustwide/workdir:ro,Z" "-v" "/var/lib/crater-agent-workspace/cargo-home:/opt/rustwide/cargo-home:ro,Z" "-v" "/var/lib/crater-agent-workspace/rustup-home:/opt/rustwide/rustup-home:ro,Z" "-e" "SOURCE_DIR=/opt/rustwide/workdir" "-e" "CARGO_TARGET_DIR=/opt/rustwide/target" "-e" "CARGO_HOME=/opt/rustwide/cargo-home" "-e" "RUSTUP_HOME=/opt/rustwide/rustup-home" "-w" "/opt/rustwide/workdir" "-m" "1610612736" "--user" "0:0" "--network" "none" "rustops/crates-build-env@sha256:d92eaeed33fa75130ca1ee6c8a01d1ffb62bac859dfdfb3450e3e5d1c0146529" "/opt/rustwide/cargo-home/bin/cargo" "+af3c6e733a40e671550e0f0f5aeecaa13772ba56" "metadata" "--no-deps" "--format-version=1", kill_on_drop: false }`
[INFO] [stdout] e70148265e5b383bce8532598ac7b293569b184eec343d4fbfe2a4fa96c05efe
[INFO] [stderr] WARNING: Your kernel does not support swap limit capabilities or the cgroup is not mounted. Memory limited without swap.
[INFO] running `Command { std: "docker" "start" "-a" "e70148265e5b383bce8532598ac7b293569b184eec343d4fbfe2a4fa96c05efe", kill_on_drop: false }`
[INFO] running `Command { std: "docker" "inspect" "e70148265e5b383bce8532598ac7b293569b184eec343d4fbfe2a4fa96c05efe", kill_on_drop: false }`
[INFO] running `Command { std: "docker" "rm" "-f" "e70148265e5b383bce8532598ac7b293569b184eec343d4fbfe2a4fa96c05efe", kill_on_drop: false }`
[INFO] [stdout] e70148265e5b383bce8532598ac7b293569b184eec343d4fbfe2a4fa96c05efe
[INFO] running `Command { std: "docker" "create" "-v" "/var/lib/crater-agent-workspace/builds/worker-7/target:/opt/rustwide/target:rw,Z" "-v" "/var/lib/crater-agent-workspace/builds/worker-7/source:/opt/rustwide/workdir:ro,Z" "-v" "/var/lib/crater-agent-workspace/cargo-home:/opt/rustwide/cargo-home:ro,Z" "-v" "/var/lib/crater-agent-workspace/rustup-home:/opt/rustwide/rustup-home:ro,Z" "-e" "SOURCE_DIR=/opt/rustwide/workdir" "-e" "CARGO_TARGET_DIR=/opt/rustwide/target" "-e" "CARGO_INCREMENTAL=0" "-e" "RUST_BACKTRACE=full" "-e" "RUSTFLAGS=--cap-lints=forbid" "-e" "CARGO_HOME=/opt/rustwide/cargo-home" "-e" "RUSTUP_HOME=/opt/rustwide/rustup-home" "-w" "/opt/rustwide/workdir" "-m" "1610612736" "--user" "0:0" "--network" "none" "rustops/crates-build-env@sha256:d92eaeed33fa75130ca1ee6c8a01d1ffb62bac859dfdfb3450e3e5d1c0146529" "/opt/rustwide/cargo-home/bin/cargo" "+af3c6e733a40e671550e0f0f5aeecaa13772ba56" "check" "--frozen" "--all" "--all-targets" "--message-format=json", kill_on_drop: false }`
[INFO] [stdout] 76928bb27bac37fd3c8d13e4884d98b39c07e095a09ce1b945395a3335d82a49
[INFO] [stderr] WARNING: Your kernel does not support swap limit capabilities or the cgroup is not mounted. Memory limited without swap.
[INFO] running `Command { std: "docker" "start" "-a" "76928bb27bac37fd3c8d13e4884d98b39c07e095a09ce1b945395a3335d82a49", kill_on_drop: false }`
[INFO] [stderr]     Blocking waiting for file lock on package cache
[INFO] [stderr]    Compiling memchr v2.3.3
[INFO] [stderr]     Checking lazy_static v1.4.0
[INFO] [stderr]    Compiling bitflags v1.2.1
[INFO] [stderr]    Compiling cc v1.0.52
[INFO] [stderr]     Checking futures-task v0.3.4
[INFO] [stderr]    Compiling glob v0.3.0
[INFO] [stderr]     Checking bytes v0.5.4
[INFO] [stderr]     Checking fnv v1.0.6
[INFO] [stderr]    Compiling version_check v0.1.5
[INFO] [stderr]    Compiling quick-error v1.2.3
[INFO] [stderr]    Compiling regex-syntax v0.6.17
[INFO] [stderr]    Compiling unicode-width v0.1.7
[INFO] [stderr]    Compiling bindgen v0.52.0
[INFO] [stderr]    Compiling vec_map v0.8.2
[INFO] [stderr]    Compiling strsim v0.8.0
[INFO] [stderr]    Compiling ansi_term v0.11.0
[INFO] [stderr]    Compiling gio v0.8.1
[INFO] [stderr]    Compiling termcolor v1.1.0
[INFO] [stderr]    Compiling cairo-rs v0.8.1
[INFO] [stderr]    Compiling gdk-pixbuf v0.8.0
[INFO] [stderr]    Compiling peeking_take_while v0.1.2
[INFO] [stderr]    Compiling lazycell v1.2.1
[INFO] [stderr]    Compiling ryu v1.0.4
[INFO] [stderr]    Compiling pango v0.8.0
[INFO] [stderr]    Compiling shlex v0.1.1
[INFO] [stderr]     Checking matches v0.1.8
[INFO] [stderr]    Compiling atk v0.8.0
[INFO] [stderr]    Compiling rayon-core v1.7.0
[INFO] [stderr]    Compiling gdk v0.12.1
[INFO] [stderr]    Compiling gtk v0.8.1
[INFO] [stderr]     Checking openssl-probe v0.1.2
[INFO] [stderr]     Checking ppv-lite86 v0.2.6
[INFO] [stderr]     Checking byte-tools v0.3.1
[INFO] [stderr]     Checking percent-encoding v2.1.0
[INFO] [stderr]     Checking lzw v0.10.0
[INFO] [stderr]     Checking color_quant v1.0.1
[INFO] [stderr]     Checking remove_dir_all v0.5.2
[INFO] [stderr]     Checking scoped_threadpool v0.1.9
[INFO] [stderr]     Checking bytemuck v1.2.0
[INFO] [stderr]     Checking base64 v0.11.0
[INFO] [stderr]     Checking take_mut v0.2.2
[INFO] [stderr]     Checking opaque-debug v0.2.3
[INFO] [stderr]    Compiling glib-sys v0.9.1
[INFO] [stderr]    Compiling gobject-sys v0.9.1
[INFO] [stderr]    Compiling gio-sys v0.9.1
[INFO] [stderr]    Compiling cairo-sys-rs v0.9.2
[INFO] [stderr]    Compiling pango-sys v0.9.1
[INFO] [stderr]    Compiling gdk-pixbuf-sys v0.9.1
[INFO] [stderr]    Compiling num-traits v0.2.11
[INFO] [stderr]    Compiling gdk-sys v0.9.1
[INFO] [stderr]    Compiling atk-sys v0.9.1
[INFO] [stderr]    Compiling num-integer v0.1.42
[INFO] [stderr]    Compiling gtk-sys v0.9.2
[INFO] [stderr]    Compiling num-iter v0.1.40
[INFO] [stderr]    Compiling indexmap v1.3.2
[INFO] [stderr]    Compiling num-rational v0.2.4
[INFO] [stderr]    Compiling humantime v1.3.0
[INFO] [stderr]    Compiling thread_local v1.0.1
[INFO] [stderr]    Compiling textwrap v0.11.0
[INFO] [stderr]     Checking inflate v0.4.5
[INFO] [stderr]     Checking unicode-bidi v0.3.4
[INFO] [stderr]     Checking itertools v0.9.0
[INFO] [stderr]     Checking rand_core v0.3.1
[INFO] [stderr]    Compiling nom v4.2.3
[INFO] [stderr]     Checking block-padding v0.1.5
[INFO] [stderr]     Checking http v0.2.1
[INFO] [stderr]     Checking gif v0.10.3
[INFO] [stderr]    Compiling clang-sys v0.28.1
[INFO] [stderr]    Compiling proc-macro2 v1.0.12
[INFO] [stderr]    Compiling log v0.4.8
[INFO] [stderr]     Checking encoding_rs v0.8.22
[INFO] [stderr]     Checking net2 v0.2.34
[INFO] [stderr]     Checking getrandom v0.1.14
[INFO] [stderr]     Checking dirs-sys v0.3.4
[INFO] [stderr]     Checking hostname v0.1.5
[INFO] [stderr]     Checking rand v0.5.6
[INFO] [stderr]     Checking dirs-sys-next v0.1.0
[INFO] [stderr]    Compiling atty v0.2.14
[INFO] [stderr]    Compiling which v3.1.1
[INFO] [stderr]     Checking crossbeam-utils v0.7.2
[INFO] [stderr]     Checking want v0.3.0
[INFO] [stderr]     Checking deflate v0.8.4
[INFO] [stderr]     Checking tiff v0.4.0
[INFO] [stderr]     Checking idna v0.2.0
[INFO] [stderr]     Checking dirs v2.0.2
[INFO] [stderr]     Checking rand_core v0.5.1
[INFO] [stderr]    Compiling clap v2.33.0
[INFO] [stderr]     Checking directories-next v1.0.1
[INFO] [stderr]     Checking mio v0.6.22
[INFO] [stderr]    Compiling aho-corasick v0.7.10
[INFO] [stderr]     Checking block-buffer v0.7.3
[INFO] [stderr]     Checking serde_json v1.0.52
[INFO] [stderr]    Compiling libloading v0.5.2
[INFO] [stderr]    Compiling openssl-sys v0.9.55
[INFO] [stderr]     Checking crossbeam-epoch v0.8.2
[INFO] [stderr]     Checking crossbeam-queue v0.2.1
[INFO] [stderr]     Checking crossbeam-channel v0.4.2
[INFO] [stderr]     Checking term v0.6.1
[INFO] [stderr]    Compiling quote v1.0.4
[INFO] [stderr]     Checking rand_chacha v0.2.2
[INFO] [stderr]     Checking file-rotator v0.2.1
[INFO] [stderr]     Checking png v0.16.3
[INFO] [stderr]     Checking sha2 v0.8.2
[INFO] [stderr]     Checking url v2.1.1
[INFO] [stderr]     Checking noisy_float v0.1.12
[INFO] [stderr]     Checking crossbeam-deque v0.7.3
[INFO] [stderr]    Compiling cexpr v0.3.6
[INFO] [stderr]    Compiling syn v1.0.19
[INFO] [stderr]     Checking exponential-backoff v0.2.2
[INFO] [stderr]     Checking rand v0.7.3
[INFO] [stderr]     Checking slog-async v2.5.0
[INFO] [stderr]     Checking http-body v0.3.1
[INFO] [stderr]    Compiling regex v1.3.7
[INFO] [stderr]     Checking chrono v0.4.11
[INFO] [stderr]    Compiling openssl v0.10.29
[INFO] [stderr]    Compiling native-tls v0.2.4
[INFO] [stderr]     Checking num v0.1.42
[INFO] [stderr]     Checking serde_urlencoded v0.6.1
[INFO] [stderr]     Checking chrono v0.3.0
[INFO] [stderr]     Checking rayon v1.3.0
[INFO] [stderr]     Checking tempfile v3.1.0
[INFO] [stderr]     Checking slog-json v2.3.0
[INFO] [stderr]     Checking slog-term v2.6.0
[INFO] [stderr]     Checking slog-bunyan v2.2.0
[INFO] [stderr]    Compiling env_logger v0.7.1
[INFO] [stderr]     Checking jpeg-decoder v0.1.19
[INFO] [stderr]     Checking image v0.23.4
[INFO] [stderr]    Compiling futures-macro v0.3.4
[INFO] [stderr]    Compiling tokio-macros v0.2.5
[INFO] [stderr]    Compiling pin-project-internal v0.4.13
[INFO] [stderr]     Checking tokio v0.2.20
[INFO] [stderr]     Checking futures-util v0.3.4
[INFO] [stderr]     Checking pin-project v0.4.13
[INFO] [stderr]     Checking futures-executor v0.3.4
[INFO] [stderr]     Checking glib v0.9.3
[INFO] [stderr]     Checking futures v0.3.4
[INFO] [stderr]     Checking tokio-util v0.3.1
[INFO] [stderr]     Checking tokio-tls v0.3.1
[INFO] [stderr]     Checking futures-retry v0.5.0
[INFO] [stderr]    Compiling libappindicator-sys v0.4.0
[INFO] [stderr]     Checking h2 v0.2.5
[INFO] [stderr]     Checking hyper v0.13.5
[INFO] [stderr]     Checking hyper-tls v0.4.1
[INFO] [stderr]     Checking reqwest v0.10.4
[INFO] [stderr]     Checking libappindicator v0.5.1
[INFO] [stderr]     Checking systray v0.4.0
[INFO] [stderr]     Checking redditbg v3.0.2 (/opt/rustwide/workdir)
[INFO] [stdout] error[E0425]: cannot find function `screen_size` in module `utils`
[INFO] [stdout]   --> src/main.rs:58:25
[INFO] [stdout]    |
[INFO] [stdout] 58 |     let (w, h) = utils::screen_size()?;
[INFO] [stdout]    |                         ^^^^^^^^^^^ not found in `utils`
[INFO] [stdout] 
[INFO] [stdout] 
[INFO] [stdout] error[E0425]: cannot find function `set` in module `background`
[INFO] [stdout]   --> src/main.rs:68:17
[INFO] [stdout]    |
[INFO] [stdout] 68 |     background::set(&path)?;
[INFO] [stdout]    |                 ^^^ not found in `background`
[INFO] [stdout]    |
[INFO] [stdout] help: consider importing one of these items
[INFO] [stdout]    |
[INFO] [stdout] 3  | use crate::background::io::sys::stack_overflow::imp::thread_info::set;
[INFO] [stdout]    |
[INFO] [stdout] 3  | use crate::background::io::sys::thread_local_key::set;
[INFO] [stdout]    |
[INFO] [stdout] 
[INFO] [stdout] 
[INFO] [stdout] warning: unused import: `std::convert::TryFrom`
[INFO] [stdout]  --> src/utils.rs:2:5
[INFO] [stdout]   |
[INFO] [stdout] 2 | use std::convert::TryFrom;
[INFO] [stdout]   |     ^^^^^^^^^^^^^^^^^^^^^
[INFO] [stdout]   |
[INFO] [stdout]   = note: `#[warn(unused_imports)]` on by default
[INFO] [stdout] 
[INFO] [stdout] 
[INFO] [stdout] warning: unused import: `std::io`
[INFO] [stdout]  --> src/background.rs:1:5
[INFO] [stdout]   |
[INFO] [stdout] 1 | use std::io;
[INFO] [stdout]   |     ^^^^^^^
[INFO] [stdout] 
[INFO] [stdout] 
[INFO] [stdout] warning: unused import: `std::path::Path`
[INFO] [stdout]  --> src/background.rs:2:5
[INFO] [stdout]   |
[INFO] [stdout] 2 | use std::path::Path;
[INFO] [stdout]   |     ^^^^^^^^^^^^^^^
[INFO] [stdout] 
[INFO] [stdout] 
[INFO] [stdout] warning: unused imports: `Context`, `Result`
[INFO] [stdout]  --> src/background.rs:4:14
[INFO] [stdout]   |
[INFO] [stdout] 4 | use anyhow::{Context, Result};
[INFO] [stdout]   |              ^^^^^^^  ^^^^^^
[INFO] [stdout] 
[INFO] [stdout] 
[INFO] [stdout] error[E0425]: cannot find function `screen_size` in module `utils`
[INFO] [stdout]   --> src/main.rs:58:25
[INFO] [stdout]    |
[INFO] [stdout] 58 |     let (w, h) = utils::screen_size()?;
[INFO] [stdout]    |                         ^^^^^^^^^^^ not found in `utils`
[INFO] [stdout] 
[INFO] [stdout] 
[INFO] [stdout] error[E0425]: cannot find function `set` in module `background`
[INFO] [stdout]   --> src/main.rs:68:17
[INFO] [stdout]    |
[INFO] [stdout] 68 |     background::set(&path)?;
[INFO] [stdout]    |                 ^^^ not found in `background`
[INFO] [stdout]    |
[INFO] [stdout] help: consider importing one of these items
[INFO] [stdout]    |
[INFO] [stdout] 3  | use crate::background::io::sys::stack_overflow::imp::thread_info::set;
[INFO] [stdout]    |
[INFO] [stdout] 3  | use crate::background::io::sys::thread_local_key::set;
[INFO] [stdout]    |
[INFO] [stdout] 
[INFO] [stdout] 
[INFO] [stdout] warning: unused import: `std::convert::TryFrom`
[INFO] [stdout]  --> src/utils.rs:2:5
[INFO] [stdout]   |
[INFO] [stdout] 2 | use std::convert::TryFrom;
[INFO] [stdout]   |     ^^^^^^^^^^^^^^^^^^^^^
[INFO] [stdout]   |
[INFO] [stdout]   = note: `#[warn(unused_imports)]` on by default
[INFO] [stdout] 
[INFO] [stdout] 
[INFO] [stdout] warning: unused import: `std::io`
[INFO] [stdout]  --> src/background.rs:1:5
[INFO] [stdout]   |
[INFO] [stdout] 1 | use std::io;
[INFO] [stdout]   |     ^^^^^^^
[INFO] [stdout] 
[INFO] [stdout] 
[INFO] [stdout] warning: unused import: `std::path::Path`
[INFO] [stdout]  --> src/background.rs:2:5
[INFO] [stdout]   |
[INFO] [stdout] 2 | use std::path::Path;
[INFO] [stdout]   |     ^^^^^^^^^^^^^^^
[INFO] [stdout] 
[INFO] [stdout] 
[INFO] [stdout] warning: unused imports: `Context`, `Result`
[INFO] [stdout]  --> src/background.rs:4:14
[INFO] [stdout]   |
[INFO] [stdout] 4 | use anyhow::{Context, Result};
[INFO] [stdout]   |              ^^^^^^^  ^^^^^^
[INFO] [stdout] 
[INFO] [stdout] 
[INFO] [stdout] error: aborting due to 2 previous errors; 4 warnings emitted
[INFO] [stdout] 
[INFO] [stdout] 
[INFO] [stdout] For more information about this error, try `rustc --explain E0425`.
[INFO] [stdout] 
[INFO] [stderr] error: could not compile `redditbg`.
[INFO] [stderr] 
[INFO] [stderr] To learn more, run the command again with --verbose.
[INFO] [stderr] warning: build failed, waiting for other jobs to finish...
[INFO] [stdout] error: aborting due to 2 previous errors; 4 warnings emitted
[INFO] [stdout] 
[INFO] [stdout] 
[INFO] [stdout] For more information about this error, try `rustc --explain E0425`.
[INFO] [stdout] 
[INFO] [stderr] error: build failed
[INFO] running `Command { std: "docker" "inspect" "76928bb27bac37fd3c8d13e4884d98b39c07e095a09ce1b945395a3335d82a49", kill_on_drop: false }`
[INFO] running `Command { std: "docker" "rm" "-f" "76928bb27bac37fd3c8d13e4884d98b39c07e095a09ce1b945395a3335d82a49", kill_on_drop: false }`
[INFO] [stdout] 76928bb27bac37fd3c8d13e4884d98b39c07e095a09ce1b945395a3335d82a49
